{"id":346,"date":"2024-07-18T19:24:03","date_gmt":"2024-07-18T19:24:03","guid":{"rendered":"https:\/\/neuroaraucania.com\/?page_id=346"},"modified":"2024-08-05T14:15:07","modified_gmt":"2024-08-05T14:15:07","slug":"prueba","status":"publish","type":"page","link":"https:\/\/neuroaraucania.com\/?page_id=346","title":{"rendered":"Capacitaci\u00f3n CIMT"},"content":{"rendered":"\n<figure class=\"wp-block-image size-full is-resized\"><img loading=\"lazy\" decoding=\"async\" width=\"525\" height=\"261\" src=\"https:\/\/neuroaraucania.com\/wp-content\/uploads\/2024\/07\/sin-fondo.png\" alt=\"\" class=\"wp-image-338\" style=\"width:209px;height:auto\" srcset=\"https:\/\/neuroaraucania.com\/wp-content\/uploads\/2024\/07\/sin-fondo.png 525w, https:\/\/neuroaraucania.com\/wp-content\/uploads\/2024\/07\/sin-fondo-300x149.png 300w\" sizes=\"auto, (max-width: 525px) 100vw, 525px\" \/><\/figure>\n\n\n\n<p class=\"has-text-color has-link-color wp-elements-00df33d5d8cc3e5afd4452d68134871b\" style=\"color:#5b11a1;font-size:25px\">Te damos la bienvenida a nuestro Curso de Capacitaci\u00f3n CIMT.<\/p>\n\n\n\n<p>Es un curso <strong>GRATUITO<\/strong>, de corta duraci\u00f3n, que entrega conocimientos precisos y muy \u00fatiles a los profesionales del \u00e1rea de la rehabilitaci\u00f3n. Con este programa aprender\u00e1s a aplicar la Terapia de Restricci\u00f3n inducida de Movimiento o CIMT.<\/p>\n\n\n\n<p class=\"has-text-color has-link-color has-medium-font-size wp-elements-17b72e967f7ad1262a09299a0d7584ba\" style=\"color:#1133af\">Al final de la p\u00e1gina, encontrar\u00e1s un bot\u00f3n de <strong>INSCRIPCI\u00d3N.<\/strong><\/p>\n\n\n\n<p>Una vez realizada la inscripci\u00f3n e  ingreses al programa, tendr\u00e1s acceso al siguiente contenido.<\/p>\n\n\n\n<div class=\"wp-block-columns is-layout-flex wp-container-core-columns-is-layout-9d6595d7 wp-block-columns-is-layout-flex\">\n<div class=\"wp-block-column has-background is-layout-flow wp-block-column-is-layout-flow\" style=\"background-color:#c9b4d2\">\n<figure class=\"wp-block-image size-full\"><img loading=\"lazy\" decoding=\"async\" width=\"787\" height=\"578\" src=\"https:\/\/neuroaraucania.com\/wp-content\/uploads\/2024\/07\/comoseaplica.jpg\" alt=\"\" class=\"wp-image-426\" style=\"object-fit:cover\" srcset=\"https:\/\/neuroaraucania.com\/wp-content\/uploads\/2024\/07\/comoseaplica.jpg 787w, https:\/\/neuroaraucania.com\/wp-content\/uploads\/2024\/07\/comoseaplica-300x220.jpg 300w, https:\/\/neuroaraucania.com\/wp-content\/uploads\/2024\/07\/comoseaplica-768x564.jpg 768w\" sizes=\"auto, (max-width: 767px) 89vw, (max-width: 1000px) 54vw, (max-width: 1071px) 543px, 580px\" \/><\/figure>\n\n\n\n<p class=\"has-text-align-center has-text-color has-background has-link-color wp-elements-5ef764deddd9f18ff8064983a6b86c4b\" style=\"color:#edd0fb;background-color:#6a279e;font-size:16px\"><strong>\u00bfC\u00f3mo se aplica?<\/strong><br><\/p>\n\n\n\n<p class=\"has-text-align-center has-small-font-size\">El programa se puede aplicar <br>en modalidad presencial o a trav\u00e9s de TeleCIMT, que es<br> un programa virtual en el hogar. Ambos se aplican durante tres semanas.<\/p>\n<\/div>\n\n\n\n<div class=\"wp-block-column has-background is-layout-flow wp-block-column-is-layout-flow\" style=\"background-color:#dedac1\">\n<figure class=\"wp-block-image size-full\"><img loading=\"lazy\" decoding=\"async\" width=\"787\" height=\"578\" src=\"https:\/\/neuroaraucania.com\/wp-content\/uploads\/2024\/07\/presencial.jpg\" alt=\"\" class=\"wp-image-428\" style=\"object-fit:cover\" srcset=\"https:\/\/neuroaraucania.com\/wp-content\/uploads\/2024\/07\/presencial.jpg 787w, https:\/\/neuroaraucania.com\/wp-content\/uploads\/2024\/07\/presencial-300x220.jpg 300w, https:\/\/neuroaraucania.com\/wp-content\/uploads\/2024\/07\/presencial-768x564.jpg 768w\" sizes=\"auto, (max-width: 767px) 89vw, (max-width: 1000px) 54vw, (max-width: 1071px) 543px, 580px\" \/><\/figure>\n\n\n\n<p class=\"has-text-align-center has-text-color has-background has-link-color wp-elements-2abbde828b917dfb1d6c5c06b2021f77\" style=\"color:#f9f5e6;background-color:#7c7155;font-size:16px\"><strong>Modalidad PRESENCIAL<\/strong><\/p>\n\n\n\n<p class=\"has-text-align-center has-small-font-size\">En esta secci\u00f3n podr\u00e1s <br>encontrar los recursos <br>originales para la aplicaci\u00f3n <br>de CIMT de manera <br>presencial, en el <strong>hogar o ambiente cl\u00ednico.<\/strong><\/p>\n<\/div>\n\n\n\n<div class=\"wp-block-column has-background is-layout-flow wp-block-column-is-layout-flow\" style=\"background-color:#dce3c4\">\n<figure class=\"wp-block-image size-full\"><img loading=\"lazy\" decoding=\"async\" width=\"787\" height=\"578\" src=\"https:\/\/neuroaraucania.com\/wp-content\/uploads\/2024\/07\/remota-1.jpg\" alt=\"\" class=\"wp-image-430\" srcset=\"https:\/\/neuroaraucania.com\/wp-content\/uploads\/2024\/07\/remota-1.jpg 787w, https:\/\/neuroaraucania.com\/wp-content\/uploads\/2024\/07\/remota-1-300x220.jpg 300w, https:\/\/neuroaraucania.com\/wp-content\/uploads\/2024\/07\/remota-1-768x564.jpg 768w\" sizes=\"auto, (max-width: 767px) 89vw, (max-width: 1000px) 54vw, (max-width: 1071px) 543px, 580px\" \/><\/figure>\n\n\n\n<p class=\"has-text-align-center has-text-color has-background has-link-color wp-elements-2001186f2ab9c2bd6f6d71d46b57c61b\" style=\"color:#eef2ca;background-color:#8e986c\"><strong>Modalidad REMOTA<\/strong><\/p>\n\n\n\n<p class=\"has-text-align-center has-small-font-size\">Aqu\u00ed encontrar\u00e1s los recursos para la aplicaci\u00f3n de TeleCIMT <br>en el <strong>hogar.<\/strong>  Esta modalidad ha sido desarrollada por un grupo experto de terapeutas con experiencia en la terapia.<\/p>\n<\/div>\n<\/div>\n\n\n\n<div class=\"wp-block-columns is-layout-flex wp-container-core-columns-is-layout-9d6595d7 wp-block-columns-is-layout-flex\">\n<div class=\"wp-block-column has-background is-layout-flow wp-block-column-is-layout-flow\" style=\"background-color:#f1e2b9\">\n<figure class=\"wp-block-image size-full\"><img loading=\"lazy\" decoding=\"async\" width=\"787\" height=\"578\" src=\"https:\/\/neuroaraucania.com\/wp-content\/uploads\/2024\/07\/enfoque.jpg\" alt=\"\" class=\"wp-image-432\" style=\"object-fit:cover\" srcset=\"https:\/\/neuroaraucania.com\/wp-content\/uploads\/2024\/07\/enfoque.jpg 787w, https:\/\/neuroaraucania.com\/wp-content\/uploads\/2024\/07\/enfoque-300x220.jpg 300w, https:\/\/neuroaraucania.com\/wp-content\/uploads\/2024\/07\/enfoque-768x564.jpg 768w\" sizes=\"auto, (max-width: 767px) 89vw, (max-width: 1000px) 54vw, (max-width: 1071px) 543px, 580px\" \/><\/figure>\n\n\n\n<p class=\"has-text-align-center has-text-color has-background has-link-color wp-elements-0903deefb6bceacd6f053a70e3ceab94\" style=\"color:#f8ebcb;background-color:#a98c42;font-size:16px\"><strong>Enfoque TeleCIMT<\/strong><br><\/p>\n\n\n\n<p class=\"has-text-align-center has-small-font-size\">La terapia de Restricci\u00f3n de movimiento inducido (CIMT, <br>por sus siglas en ingl\u00e9s) es <br>una estrategia de intervenci\u00f3n con probada efectividad desarrollada para mejorar la funci\u00f3n del brazo despu\u00e9s de <br>una lesi\u00f3n neurol\u00f3gica. Se caracteriza por el uso intensivo del brazo m\u00e1s d\u00e9bil mientras <br>usa un guante en el brazo m\u00e1s fuerte.<\/p>\n<\/div>\n\n\n\n<div class=\"wp-block-column has-background is-layout-flow wp-block-column-is-layout-flow\" style=\"background-color:#c1d3de\">\n<figure class=\"wp-block-image size-full\"><img loading=\"lazy\" decoding=\"async\" width=\"787\" height=\"578\" src=\"https:\/\/neuroaraucania.com\/wp-content\/uploads\/2024\/07\/equipo.jpg\" alt=\"\" class=\"wp-image-449\" style=\"object-fit:cover\" srcset=\"https:\/\/neuroaraucania.com\/wp-content\/uploads\/2024\/07\/equipo.jpg 787w, https:\/\/neuroaraucania.com\/wp-content\/uploads\/2024\/07\/equipo-300x220.jpg 300w, https:\/\/neuroaraucania.com\/wp-content\/uploads\/2024\/07\/equipo-768x564.jpg 768w\" sizes=\"auto, (max-width: 767px) 89vw, (max-width: 1000px) 54vw, (max-width: 1071px) 543px, 580px\" \/><\/figure>\n\n\n\n<p class=\"has-text-align-center has-text-color has-background has-link-color wp-elements-c3f7c26213ec8bae604ae041e4fb1eba\" style=\"color:#d4f5ff;background-color:#416985;font-size:16px\"><strong>Equipo Tele CIMT<\/strong><br><\/p>\n\n\n\n<p class=\"has-text-align-center has-small-font-size\">El equipo est\u00e1 conformado por profesionales del \u00e1rea de la Neurorehabilitaci\u00f3n pertenecientes a la Universidad de La Frontera-Chile, quienes hemos desarrollado voluntariamente estos recursos gratuitos para promover el acceso y formaci\u00f3n en neurehabilitaci\u00f3n.<\/p>\n<\/div>\n\n\n\n<div class=\"wp-block-column has-background is-layout-flow wp-block-column-is-layout-flow\" style=\"background-color:#c3e3d7\">\n<figure class=\"wp-block-image size-full\"><img loading=\"lazy\" decoding=\"async\" width=\"787\" height=\"578\" src=\"https:\/\/neuroaraucania.com\/wp-content\/uploads\/2024\/07\/complementario.jpg\" alt=\"\" class=\"wp-image-445\" srcset=\"https:\/\/neuroaraucania.com\/wp-content\/uploads\/2024\/07\/complementario.jpg 787w, https:\/\/neuroaraucania.com\/wp-content\/uploads\/2024\/07\/complementario-300x220.jpg 300w, https:\/\/neuroaraucania.com\/wp-content\/uploads\/2024\/07\/complementario-768x564.jpg 768w\" sizes=\"auto, (max-width: 767px) 89vw, (max-width: 1000px) 54vw, (max-width: 1071px) 543px, 580px\" \/><\/figure>\n\n\n\n<p class=\"has-text-align-center has-text-color has-background has-link-color wp-elements-384d5866e15b6fc0b0ab7e0d8bb2f3fa\" style=\"color:#dcfbf4;background-color:#6d9991;font-size:14px\"><strong>Material COMPLEMENTARIO<\/strong><\/p>\n\n\n\n<p class=\"has-text-align-center has-small-font-size\">Entregamos la evidencia cient\u00edfica recomendada para ayudar a los terapeutas a comprender CIMT y TeleCIMT para completar un programa efectivo.<\/p>\n\n\n<div class=\"wp-block-image\">\n<figure class=\"aligncenter size-full is-resized\"><img loading=\"lazy\" decoding=\"async\" width=\"525\" height=\"261\" src=\"https:\/\/neuroaraucania.com\/wp-content\/uploads\/2024\/07\/sin-fondo.png\" alt=\"\" class=\"wp-image-338\" style=\"width:107px;height:auto\" srcset=\"https:\/\/neuroaraucania.com\/wp-content\/uploads\/2024\/07\/sin-fondo.png 525w, https:\/\/neuroaraucania.com\/wp-content\/uploads\/2024\/07\/sin-fondo-300x149.png 300w\" sizes=\"auto, (max-width: 525px) 100vw, 525px\" \/><\/figure>\n<\/div>\n\n<div class=\"wp-block-image\">\n<figure class=\"aligncenter size-full is-resized\"><img loading=\"lazy\" decoding=\"async\" width=\"711\" height=\"278\" src=\"https:\/\/neuroaraucania.com\/wp-content\/uploads\/2024\/07\/logo-teleCIMT-B.png\" alt=\"\" class=\"wp-image-447\" style=\"width:115px;height:auto\" srcset=\"https:\/\/neuroaraucania.com\/wp-content\/uploads\/2024\/07\/logo-teleCIMT-B.png 711w, https:\/\/neuroaraucania.com\/wp-content\/uploads\/2024\/07\/logo-teleCIMT-B-300x117.png 300w\" sizes=\"auto, (max-width: 711px) 100vw, 711px\" \/><\/figure>\n<\/div><\/div>\n<\/div>\n\n\n\n<p class=\"has-text-align-center has-white-background-color has-text-color has-background has-link-color wp-elements-529ae2de23469b51462b301cee7a923d\" style=\"color:#0e13a3;font-size:24px\">Inscr\u00edbete <strong>AQU\u00cd<\/strong> en nuestro Curso de Capacitaci\u00f3n CIMT. \u00a0 <strong>\u00a0<strong><a class=\"maxbutton-1 maxbutton maxbutton-inscripcion-cimt\" href=\"https:\/\/docs.google.com\/forms\/d\/e\/1FAIpQLSdyfcHnHAFbUZk0MEx7UKj6Fp4No7TSXUsch0l7zPyCbRygUw\/viewform?usp=dialog\"><span class='mb-text'>Inscripci\u00f3n<\/span><\/a><\/strong><\/strong><\/p>\n","protected":false},"excerpt":{"rendered":"<p>Te damos la bienvenida a nuestro Curso de Capacitaci\u00f3n CIMT. Es un curso GRATUITO, de corta duraci\u00f3n, que entrega conocimientos precisos y muy \u00fatiles a los profesionales del \u00e1rea de la rehabilitaci\u00f3n. Con este programa aprender\u00e1s a aplicar la Terapia de Restricci\u00f3n inducida de Movimiento o CIMT. Al final de la p\u00e1gina, encontrar\u00e1s un bot\u00f3n &hellip; <\/p>\n<p class=\"link-more\"><a href=\"https:\/\/neuroaraucania.com\/?page_id=346\" class=\"more-link\">Continuar leyendo<span class=\"screen-reader-text\"> \u00abCapacitaci\u00f3n CIMT\u00bb<\/span><\/a><\/p>\n","protected":false},"author":1,"featured_media":0,"parent":0,"menu_order":0,"comment_status":"closed","ping_status":"closed","template":"","meta":{"footnotes":""},"class_list":["post-346","page","type-page","status-publish","hentry"],"yoast_head":"<!-- This site is optimized with the Yoast SEO plugin v23.0 - https:\/\/yoast.com\/wordpress\/plugins\/seo\/ -->\n<title>Capacitaci\u00f3n CIMT - Red NeuroRehabilitaci\u00f3n<\/title>\n<meta name=\"robots\" content=\"index, follow, max-snippet:-1, max-image-preview:large, max-video-preview:-1\" \/>\n<link rel=\"canonical\" href=\"https:\/\/neuroaraucania.com\/?page_id=346\" \/>\n<meta property=\"og:locale\" content=\"es_ES\" \/>\n<meta property=\"og:type\" content=\"article\" \/>\n<meta property=\"og:title\" content=\"Capacitaci\u00f3n CIMT - Red NeuroRehabilitaci\u00f3n\" \/>\n<meta property=\"og:description\" content=\"Te damos la bienvenida a nuestro Curso de Capacitaci\u00f3n CIMT. Es un curso GRATUITO, de corta duraci\u00f3n, que entrega conocimientos precisos y muy \u00fatiles a los profesionales del \u00e1rea de la rehabilitaci\u00f3n. Con este programa aprender\u00e1s a aplicar la Terapia de Restricci\u00f3n inducida de Movimiento o CIMT. Al final de la p\u00e1gina, encontrar\u00e1s un bot\u00f3n &hellip; Continuar leyendo &quot;Capacitaci\u00f3n CIMT&quot;\" \/>\n<meta property=\"og:url\" content=\"https:\/\/neuroaraucania.com\/?page_id=346\" \/>\n<meta property=\"og:site_name\" content=\"Red NeuroRehabilitaci\u00f3n\" \/>\n<meta property=\"article:modified_time\" content=\"2024-08-05T14:15:07+00:00\" \/>\n<meta property=\"og:image\" content=\"https:\/\/neuroaraucania.com\/wp-content\/uploads\/2024\/07\/sin-fondo.png\" \/>\n<meta name=\"twitter:card\" content=\"summary_large_image\" \/>\n<meta name=\"twitter:label1\" content=\"Tiempo de lectura\" \/>\n\t<meta name=\"twitter:data1\" content=\"4 minutos\" \/>\n<script type=\"application\/ld+json\" class=\"yoast-schema-graph\">{\"@context\":\"https:\/\/schema.org\",\"@graph\":[{\"@type\":\"WebPage\",\"@id\":\"https:\/\/neuroaraucania.com\/?page_id=346\",\"url\":\"https:\/\/neuroaraucania.com\/?page_id=346\",\"name\":\"Capacitaci\u00f3n CIMT - Red NeuroRehabilitaci\u00f3n\",\"isPartOf\":{\"@id\":\"https:\/\/neuroaraucania.com\/#website\"},\"primaryImageOfPage\":{\"@id\":\"https:\/\/neuroaraucania.com\/?page_id=346#primaryimage\"},\"image\":{\"@id\":\"https:\/\/neuroaraucania.com\/?page_id=346#primaryimage\"},\"thumbnailUrl\":\"https:\/\/neuroaraucania.com\/wp-content\/uploads\/2024\/07\/sin-fondo.png\",\"datePublished\":\"2024-07-18T19:24:03+00:00\",\"dateModified\":\"2024-08-05T14:15:07+00:00\",\"breadcrumb\":{\"@id\":\"https:\/\/neuroaraucania.com\/?page_id=346#breadcrumb\"},\"inLanguage\":\"es\",\"potentialAction\":[{\"@type\":\"ReadAction\",\"target\":[\"https:\/\/neuroaraucania.com\/?page_id=346\"]}]},{\"@type\":\"ImageObject\",\"inLanguage\":\"es\",\"@id\":\"https:\/\/neuroaraucania.com\/?page_id=346#primaryimage\",\"url\":\"https:\/\/neuroaraucania.com\/wp-content\/uploads\/2024\/07\/sin-fondo.png\",\"contentUrl\":\"https:\/\/neuroaraucania.com\/wp-content\/uploads\/2024\/07\/sin-fondo.png\",\"width\":525,\"height\":261},{\"@type\":\"BreadcrumbList\",\"@id\":\"https:\/\/neuroaraucania.com\/?page_id=346#breadcrumb\",\"itemListElement\":[{\"@type\":\"ListItem\",\"position\":1,\"name\":\"Portada\",\"item\":\"https:\/\/neuroaraucania.com\/\"},{\"@type\":\"ListItem\",\"position\":2,\"name\":\"Capacitaci\u00f3n CIMT\"}]},{\"@type\":\"WebSite\",\"@id\":\"https:\/\/neuroaraucania.com\/#website\",\"url\":\"https:\/\/neuroaraucania.com\/\",\"name\":\"Red NeuroRehabilitaci\u00f3n\",\"description\":\"Araucan\u00eda\",\"publisher\":{\"@id\":\"https:\/\/neuroaraucania.com\/#organization\"},\"potentialAction\":[{\"@type\":\"SearchAction\",\"target\":{\"@type\":\"EntryPoint\",\"urlTemplate\":\"https:\/\/neuroaraucania.com\/?s={search_term_string}\"},\"query-input\":\"required name=search_term_string\"}],\"inLanguage\":\"es\"},{\"@type\":\"Organization\",\"@id\":\"https:\/\/neuroaraucania.com\/#organization\",\"name\":\"Red NeuroRehabilitaci\u00f3n\",\"url\":\"https:\/\/neuroaraucania.com\/\",\"logo\":{\"@type\":\"ImageObject\",\"inLanguage\":\"es\",\"@id\":\"https:\/\/neuroaraucania.com\/#\/schema\/logo\/image\/\",\"url\":\"https:\/\/neuroaraucania.com\/wp-content\/uploads\/2024\/07\/cropped-logodelsitio.png\",\"contentUrl\":\"https:\/\/neuroaraucania.com\/wp-content\/uploads\/2024\/07\/cropped-logodelsitio.png\",\"width\":250,\"height\":250,\"caption\":\"Red NeuroRehabilitaci\u00f3n\"},\"image\":{\"@id\":\"https:\/\/neuroaraucania.com\/#\/schema\/logo\/image\/\"}}]}<\/script>\n<!-- \/ Yoast SEO plugin. -->","yoast_head_json":{"title":"Capacitaci\u00f3n CIMT - Red NeuroRehabilitaci\u00f3n","robots":{"index":"index","follow":"follow","max-snippet":"max-snippet:-1","max-image-preview":"max-image-preview:large","max-video-preview":"max-video-preview:-1"},"canonical":"https:\/\/neuroaraucania.com\/?page_id=346","og_locale":"es_ES","og_type":"article","og_title":"Capacitaci\u00f3n CIMT - Red NeuroRehabilitaci\u00f3n","og_description":"Te damos la bienvenida a nuestro Curso de Capacitaci\u00f3n CIMT. Es un curso GRATUITO, de corta duraci\u00f3n, que entrega conocimientos precisos y muy \u00fatiles a los profesionales del \u00e1rea de la rehabilitaci\u00f3n. Con este programa aprender\u00e1s a aplicar la Terapia de Restricci\u00f3n inducida de Movimiento o CIMT. Al final de la p\u00e1gina, encontrar\u00e1s un bot\u00f3n &hellip; Continuar leyendo \"Capacitaci\u00f3n CIMT\"","og_url":"https:\/\/neuroaraucania.com\/?page_id=346","og_site_name":"Red NeuroRehabilitaci\u00f3n","article_modified_time":"2024-08-05T14:15:07+00:00","og_image":[{"url":"https:\/\/neuroaraucania.com\/wp-content\/uploads\/2024\/07\/sin-fondo.png"}],"twitter_card":"summary_large_image","twitter_misc":{"Tiempo de lectura":"4 minutos"},"schema":{"@context":"https:\/\/schema.org","@graph":[{"@type":"WebPage","@id":"https:\/\/neuroaraucania.com\/?page_id=346","url":"https:\/\/neuroaraucania.com\/?page_id=346","name":"Capacitaci\u00f3n CIMT - Red NeuroRehabilitaci\u00f3n","isPartOf":{"@id":"https:\/\/neuroaraucania.com\/#website"},"primaryImageOfPage":{"@id":"https:\/\/neuroaraucania.com\/?page_id=346#primaryimage"},"image":{"@id":"https:\/\/neuroaraucania.com\/?page_id=346#primaryimage"},"thumbnailUrl":"https:\/\/neuroaraucania.com\/wp-content\/uploads\/2024\/07\/sin-fondo.png","datePublished":"2024-07-18T19:24:03+00:00","dateModified":"2024-08-05T14:15:07+00:00","breadcrumb":{"@id":"https:\/\/neuroaraucania.com\/?page_id=346#breadcrumb"},"inLanguage":"es","potentialAction":[{"@type":"ReadAction","target":["https:\/\/neuroaraucania.com\/?page_id=346"]}]},{"@type":"ImageObject","inLanguage":"es","@id":"https:\/\/neuroaraucania.com\/?page_id=346#primaryimage","url":"https:\/\/neuroaraucania.com\/wp-content\/uploads\/2024\/07\/sin-fondo.png","contentUrl":"https:\/\/neuroaraucania.com\/wp-content\/uploads\/2024\/07\/sin-fondo.png","width":525,"height":261},{"@type":"BreadcrumbList","@id":"https:\/\/neuroaraucania.com\/?page_id=346#breadcrumb","itemListElement":[{"@type":"ListItem","position":1,"name":"Portada","item":"https:\/\/neuroaraucania.com\/"},{"@type":"ListItem","position":2,"name":"Capacitaci\u00f3n CIMT"}]},{"@type":"WebSite","@id":"https:\/\/neuroaraucania.com\/#website","url":"https:\/\/neuroaraucania.com\/","name":"Red NeuroRehabilitaci\u00f3n","description":"Araucan\u00eda","publisher":{"@id":"https:\/\/neuroaraucania.com\/#organization"},"potentialAction":[{"@type":"SearchAction","target":{"@type":"EntryPoint","urlTemplate":"https:\/\/neuroaraucania.com\/?s={search_term_string}"},"query-input":"required name=search_term_string"}],"inLanguage":"es"},{"@type":"Organization","@id":"https:\/\/neuroaraucania.com\/#organization","name":"Red NeuroRehabilitaci\u00f3n","url":"https:\/\/neuroaraucania.com\/","logo":{"@type":"ImageObject","inLanguage":"es","@id":"https:\/\/neuroaraucania.com\/#\/schema\/logo\/image\/","url":"https:\/\/neuroaraucania.com\/wp-content\/uploads\/2024\/07\/cropped-logodelsitio.png","contentUrl":"https:\/\/neuroaraucania.com\/wp-content\/uploads\/2024\/07\/cropped-logodelsitio.png","width":250,"height":250,"caption":"Red NeuroRehabilitaci\u00f3n"},"image":{"@id":"https:\/\/neuroaraucania.com\/#\/schema\/logo\/image\/"}}]}},"_links":{"self":[{"href":"https:\/\/neuroaraucania.com\/index.php?rest_route=\/wp\/v2\/pages\/346","targetHints":{"allow":["GET"]}}],"collection":[{"href":"https:\/\/neuroaraucania.com\/index.php?rest_route=\/wp\/v2\/pages"}],"about":[{"href":"https:\/\/neuroaraucania.com\/index.php?rest_route=\/wp\/v2\/types\/page"}],"author":[{"embeddable":true,"href":"https:\/\/neuroaraucania.com\/index.php?rest_route=\/wp\/v2\/users\/1"}],"replies":[{"embeddable":true,"href":"https:\/\/neuroaraucania.com\/index.php?rest_route=%2Fwp%2Fv2%2Fcomments&post=346"}],"version-history":[{"count":81,"href":"https:\/\/neuroaraucania.com\/index.php?rest_route=\/wp\/v2\/pages\/346\/revisions"}],"predecessor-version":[{"id":537,"href":"https:\/\/neuroaraucania.com\/index.php?rest_route=\/wp\/v2\/pages\/346\/revisions\/537"}],"wp:attachment":[{"href":"https:\/\/neuroaraucania.com\/index.php?rest_route=%2Fwp%2Fv2%2Fmedia&parent=346"}],"curies":[{"name":"wp","href":"https:\/\/api.w.org\/{rel}","templated":true}]}}